895d (base 16) in base 2?
1000001000100101011101
Convert -323313211 (base 4) to base 6.
-5131141
Convert 121021020101 (base 3) to base 10.
320203
100101010100100001 (base 2) to base 3
21202200200
What is -13303133 (base 4) in base 16?
-7cdf
Convert 32210003 (base 5) to base 7.
2213320
What is 6cc02b (base 13) in base 16?
27a01b
Convert -1110000101011001100111 (base 2) to base 16.
-385667
Convert -2e7fb3 (base 16) to base 14.
-594799
What is 3527626 (base 8) in base 5?
221244304
What is -1393c (base 13) in base 4?
-20331310
What is -591083 (base 10) in base 6?
-20400255
-256579 (base 11) to base 16
-62a10
101265450 (base 7) to base 3
102011101202010
-124114 (base 6) to base 7
-44611
Convert -240402212 (base 6) to base 10.
-4510592
-134185a (base 13) to base 12
-2042138
What is -55375 (base 12) in base 10?
-112841
Convert 159b2 (base 12) to base 9.
46228
413357 (base 11) to base 8
2417337
What is 6c2917 (base 15) in base 8?
23566503
What is -100000001001010 (base 2) in base 11?
-11402
101132220 (base 4) to base 9
118176
-16637 (base 13) to base 6
-530055
What is 188166 (base 12) in base 6?
13105010
Convert -2119321 (base 11) to base 8.
-16167353
-2130211302 (base 4) to base 7
-5310645
Convert 20012003010 (base 4) to base 9.
3883653
What is 10101010101001010101 (base 2) in base 6?
22551541
Convert 7015475 (base 9) to base 8.
16166375
Convert 1000100011100000110110 (base 2) to base 15.
2e4729
What is 3567952 (base 11) in base 5?
3042440442
-142410320 (base 7) to base 14
-135a7b7
Convert 133133202 (base 4) to base 13.
46938
-1fa8a9 (base 16) to base 9
-3812065
235110 (base 7) to base 10
42588
What is -1110010001000000111011 (base 2) in base 3?
-21000222220200
What is 100702 (base 10) in base 7?
566410
What is -724620 (base 8) in base 14?
-63680
What is 101111 (base 9) in base 8?
164735
What is 1f3b19 (base 16) in base 3?
10211222121101
4833064 (base 9) to base 14
4c2bac
Convert a92 (base 11) to base 16.
51f
What is -590323 (base 10) in base 3?
-1002222202211
Convert 4252821 (base 10) to base 11.
2445231
Convert 130681 (base 10) to base 3.
20122021001
What is -431101024 (base 5) in base 12?
-736958
10201021020 (base 3) to base 5
4314340
Convert 3e4fe (base 16) to base 15.
50955
Convert -18352b (base 14) to base 2.
-11010000100110000011
Convert 1065231 (base 7) to base 16.
20b02
What is -ab11 (base 16) in base 15?
-ce98
Convert a819dd (base 14) to base 12.
1aa4b93
Convert 32616 (base 16) to base 4.
302120112
Convert 3580488 (base 9) to base 14.
387c72
Convert -3000260 (base 9) to base 16.
-1854ab
What is -110360300 (base 7) in base 6?
-354334222
10664466 (base 7) to base 15
13898c
1420011301 (base 5) to base 10
3672701
What is -331233031 (base 4) in base 14?
-68229
11403440 (base 5) to base 12
51935
Convert -829429 (base 12) to base 13.
-569409
43600 (base 7) to base 3
112222201
Convert -123003011 (base 4) to base 16.
-1b0c5
-134043103 (base 6) to base 8
-12260557
Convert -4c48c (base 13) to base 11.
-97266
-aa048 (base 12) to base 16
-36db8
Convert -89ea8e (base 15) to base 9.
-13338368
What is 1010111221020 (base 3) in base 5?
123210043
Convert 1100101010011010011101 (base 2) to base 16.
32a69d
Convert a5628 (base 11) to base 12.
75025
Convert 112220010010 (base 3) to base 6.
10141050
What is -1350701 (base 9) in base 5?
-142220321
Convert -476a7 (base 13) to base 4.
-133323112
-16b160 (base 15) to base 11
-691964
-143347 (base 8) to base 11
-35290
Convert -86089e (base 15) to base 5.
-3113140244
271a3 (base 12) to base 3
2201211220
12124310 (base 5) to base 13
40068
-10110010110101110000 (base 2) to base 16
-b2d70
Convert -12502761 (base 10) to base 8.
-57543351
What is 3798306 (base 11) in base 8?
31074772
What is 1042034342 (base 5) in base 14?
43bd51
-12121012010200 (base 3) to base 8
-13264205
Convert -19640a0 (base 11) to base 8.
-14511174
What is 2647b (base 12) in base 2?
1100110100011111
229489 (base 10) to base 11
147467
Convert 243037 (base 8) to base 3.
11020112010
-400301 (base 14) to base 7
-24201501
What is -8bba (base 15) in base 11?
-20305
Convert 10011101011110010 (base 2) to base 3.
11002121011
What is 1324104 (base 8) in base 6?
11540244
What is 847b30 (base 13) in base 9?
5746856
What is -1213033231 (base 4) in base 2?
-1100111001111101101
What is -1423301 (base 11) in base 2?
-1001010101111111111100
-11164452 (base 7) to base 14
-1b4d62
Convert 654c2 (base 15) to base 8.
1164253
Convert -2112010222 (base 3) to base 6.
-1021555
What is 1234026 (base 8) in base 3?
122101012002
Convert 1007154 (base 9) to base 11.
337236
Convert 41415 (base 10) to base 4.
22013013
Convert 4a366 (base 12) to base 3.
12010011220
Convert -4388587 (base 9) to base 3.
-11102222122221
What is 17875065 (base 9) in base 2?
100010011011011000110111
Convert 5132220 (base 6) to base 3.
110110201010
What is 107b74 (base 12) in base 6?
5343424
Convert -113372 (base 10) to base 8.
-335334
Convert -21000112 (base 6) to base 16.
-9416c
2015203 (base 6) to base 16
17613
Convert 207273 (base 12) to base 13.
14b272
-8d959 (base 14) to base 12
-14768b
-4583013 (base 9) to base 14
-486316
Convert 591132 (base 14) to base 11.
1795420
Convert -131774 (base 9) to base 11.
-551a4
What is -1150370 (base 8) in base 12?
-1327b4
185436 (base 10) to base 2
101101010001011100
Convert 2a1337b (base 12) to base 8.
40277517
-22308 (base 13) to base 3
-10011002110
-2112002200111 (base 3) to base 14
-26c6ad
What is -100122221201020 (base 3) in base 9?
-10587636
Convert -193fc (base 16) to base 4.
-121033330
Convert 1440577 (base 9) to base 14.
1696ba
Convert -21302203 (base 4) to base 14.
-10883
3d07f (base 16) to base 12
1007bb
Convert 22837b (base 15) to base 9.
3081308
What is -b3340 (base 16) in base 13?
-1c913a
Convert -424ae4 (base 15) to base 11.
-1865202
Convert 2823ab (base 12) to base 5.
132330241
5262525 (base 7) to base 9
1171076
What is 2c6b4a0 (base 13) in base 11?
8090a06
Convert 6c144 (base 13) to base 3.
101001112200
What is 2817281 (base 9) in base 7?
16102465
Convert -21231000 (base 5) to base 4.
-223332131
1344220320 (base 5) to base 16
358581
What is -31121426 (base 8) in base 15?
-8a42a0
Convert 16dd4b (base 15) to base 14.
20c736
Convert 4470a (base 12) to base 11.
62303
What is -1200022200222 (base 3) in base 10?
-892079
552540 (base 9) to base 14
8835b
Convert d57d26 (base 15) to base 11.
5804045
What is 9486264 (base 10) in base 3?
122211221201010
What is -3150315 (base 6) in base 10?
-154343
11100100100110010010110 (base 2) to base 14
dcdbca
10312045 (base 6) to base 7
2410163
8947 (base 10) to base 12
5217
110110000111100011 (base 2) to base 8
660743
Convert 200023220300 (base 4) to base 9.
16777345
-100120102222 (base 3) to base 2
-101101111111110101
Convert 10100220011 (base 4) to base 10.
1116677
Convert -1455138 (base 10) to base 9.
-2657060
What is 263a197 (base 13) in base 8?
55570512
342546 (base 8) to base 7
662253
What is -14cfb5 (base 16) in base 8?
-5147665
What is -42415412 (base 6) in base 10?
-1246688
-41242241 (base 5) to base 3
-122010112202
What is 1420400043 (base 5) in base 4?
32003200232
Convert 14b1a (base 16) to base 12.
41076
What is 86796 (base 14) in base 13?
b50aa
607559 (base 11) to base 14
1b5b12
Convert 80787 (base 9) to base 11.
36a14
1221011221011 (base 3) to base 4
3322300213
-101101000000111011 (base 2) to base 9
-310825
What is -132300121 (base 4) in base 15?
-274d7
-124b5 (base 14) to base 12
-21b53
586855 (base 9) to base 6
11321205
Convert -1363674 (base 9) to base 3.
-1102010202111
What is 443672 (base 8) in base 12?
7258a
What is 728 (base 11) in base 16?
36d
Convert -65511 (base 9) to base 15.
-cd01
Convert -3a4c6 (base 16) to base 7.
-2013116
What is 38823 (base 14) in base 12?
683a7
Convert 13111200030 (base 4) to base 14.
380b92
What is 120552341 (base 6) in base 4?
20231331211
Convert -118199 (base 12) to base 11.
-184127
Convert 1011100011111110011011 (base 2) to base 11.
179020a
What is 28a2578 (base 12) in base 3?
120101021222002
Convert 99a8 (base 16) to base 3.
1222221220
Convert -158306 (base 11) to base 14.
-65557
77604 (base 9) to base 16
c940
What is -6c647 (base 14) in base 3?
-111110001100
Convert 3593927 (base 11) to base 15.
838d13
Convert -149d45 (base 14) to base 10.
-718793
Convert -6052969